{"id":9299,"date":"2023-06-16T04:17:30","date_gmt":"2023-06-16T04:17:30","guid":{"rendered":"https:\/\/estudiosilviacaputo.com\/?page_id=9299"},"modified":"2023-12-13T06:05:19","modified_gmt":"2023-12-13T06:05:19","slug":"horario","status":"publish","type":"page","link":"https:\/\/estudiosilviacaputo.com\/index.php\/horario\/","title":{"rendered":"Horario"},"content":{"rendered":"<p>[vc_row row_content_width=&#8221;grid&#8221; css=&#8221;.vc_custom_1548417222032{padding-top: 150px !important;padding-bottom: 150px !important;}&#8221;][vc_column]<div class=\"mkdf-elements-holder   mkdf-two-columns  mkdf-responsive-mode-1024 \" ><div class=\"mkdf-eh-item     \"  data-item-class=\"mkdf-eh-custom-7700\" data-768-1024=\"0 0 50px\" data-680-768=\"0 0 50px\" data-680=\"0 0 50px\">\n\t<div class=\"mkdf-eh-item-inner\">\n\t\t<div class=\"mkdf-eh-item-content mkdf-eh-custom-7700\" style=\"padding: 0 15px 0 0\">\n\t\t\t[vc_single_image image=&#8221;9315&#8243; img_size=&#8221;full&#8221;]\t\t<\/div>\n\t<\/div>\n<\/div><div class=\"mkdf-eh-item     \"  data-item-class=\"mkdf-eh-custom-2851\" data-768-1024=\"0 0 50px\" data-680-768=\"0 0 50px\" data-680=\"0 0 50px\">\n\t<div class=\"mkdf-eh-item-inner\">\n\t\t<div class=\"mkdf-eh-item-content mkdf-eh-custom-2851\" style=\"padding: 0 0 0 15px\">\n\t\t\t<div class=\"mkdf-accordion-holder mkdf-ac-default  mkdf-accordion mkdf-ac-boxed  clearfix\">\n\t<h5 class=\"mkdf-accordion-title\">\n    <span class=\"mkdf-accordion-mark\">\n\t\t<span class=\"mkdf_icon_plus\"><\/span>\n\t\t<span class=\"mkdf_icon_minus\"><\/span>\n\t<\/span>\n\t<span class=\"mkdf-tab-title\">CL\u00c1SICO INICIACI\u00d3N (3 a 6 A\u00d1OS)<\/span>\n<\/h5>\n<div class=\"mkdf-accordion-content\">\n\t<div class=\"mkdf-accordion-content-inner\">\n\t\t[vc_column_text]<\/p>\n<h5><span style=\"color: #ff99cc;\"><strong>Martes y jueves de 17.30 a 18.30 hs<\/strong><\/span><\/h5>\n<p>[\/vc_column_text][vc_column_text]<\/p>\n<ul>\n<li>Mediante actividades l\u00fadicas se introduce paulatinamente a los alumnos en la t\u00e9cnica cl\u00e1sica priorizando la toma de consciencia del lenguaje corporal, la musicalidad, la sincronizaci\u00f3n y sociabilidad con sus pares.<\/li>\n<\/ul>\n<p>[\/vc_column_text]\t<\/div>\n<\/div><h5 class=\"mkdf-accordion-title\">\n    <span class=\"mkdf-accordion-mark\">\n\t\t<span class=\"mkdf_icon_plus\"><\/span>\n\t\t<span class=\"mkdf_icon_minus\"><\/span>\n\t<\/span>\n\t<span class=\"mkdf-tab-title\">CL\u00c1SICO INFANTIL (7 a 10 A\u00d1OS)<\/span>\n<\/h5>\n<div class=\"mkdf-accordion-content\">\n\t<div class=\"mkdf-accordion-content-inner\">\n\t\t[vc_column_text]<\/p>\n<h5><span style=\"color: #ff99cc;\"><strong>Lunes y mi\u00e9rcoles de 18 a 19<\/strong> <strong>hs<\/strong><\/span><\/h5>\n<p>[\/vc_column_text][vc_column_text]<\/p>\n<ul>\n<li>Se familiariza al alumno con ejercicios de t\u00e9cnica cl\u00e1sica utilizando las herramientas precisas para favorecer el correcto manejo del cuerpo y la m\u00fasica fomentando el contacto con sus pares y el maestro.<\/li>\n<\/ul>\n<p>[\/vc_column_text]\t<\/div>\n<\/div><h5 class=\"mkdf-accordion-title\">\n    <span class=\"mkdf-accordion-mark\">\n\t\t<span class=\"mkdf_icon_plus\"><\/span>\n\t\t<span class=\"mkdf_icon_minus\"><\/span>\n\t<\/span>\n\t<span class=\"mkdf-tab-title\">CL\u00c1SICO PREADOLESCENTE INICIACI\u00d3N - INTERMEDIO<\/span>\n<\/h5>\n<div class=\"mkdf-accordion-content\">\n\t<div class=\"mkdf-accordion-content-inner\">\n\t\t[vc_column_text]<\/p>\n<h5><span style=\"color: #ff99cc;\"><strong>Martes y jueves de 18.30 a 19.30 hs<\/strong><\/span><\/h5>\n<p>[\/vc_column_text][vc_column_text]<\/p>\n<ul>\n<li>Los alumnos comienzan a relacionarse con la t\u00e9cnica cl\u00e1sica fomentando la disciplina y la responsabilidad y abordando el aprendizaje mediante ejercicios espec\u00edficos donde se consolida la musicalidad y la memorizaci\u00f3n como instrumento primordial.<\/li>\n<\/ul>\n<p>[\/vc_column_text]\t<\/div>\n<\/div><h5 class=\"mkdf-accordion-title\">\n    <span class=\"mkdf-accordion-mark\">\n\t\t<span class=\"mkdf_icon_plus\"><\/span>\n\t\t<span class=\"mkdf_icon_minus\"><\/span>\n\t<\/span>\n\t<span class=\"mkdf-tab-title\">CL\u00c1SICO ADOLESCENTE INTERMEDIO<\/span>\n<\/h5>\n<div class=\"mkdf-accordion-content\">\n\t<div class=\"mkdf-accordion-content-inner\">\n\t\t[vc_column_text]<\/p>\n<h5><span style=\"color: #ff99cc;\"><strong>Lunes y mi\u00e9rcoles de 19 a 20 hs<\/strong><\/span><\/h5>\n<p>[\/vc_column_text][vc_column_text]<\/p>\n<ul>\n<li>Se inicia una labor consciente con ejercicios de mayor complejidad de t\u00e9cnica cl\u00e1sica para adquirir fortaleza corporal y continuar con la integraci\u00f3n de nuevos conocimientos.<\/li>\n<\/ul>\n<p>[\/vc_column_text]\t<\/div>\n<\/div><h5 class=\"mkdf-accordion-title\">\n    <span class=\"mkdf-accordion-mark\">\n\t\t<span class=\"mkdf_icon_plus\"><\/span>\n\t\t<span class=\"mkdf_icon_minus\"><\/span>\n\t<\/span>\n\t<span class=\"mkdf-tab-title\">CL\u00c1SICO ADULTO INICIACI\u00d3N - INTERMEDIO<\/span>\n<\/h5>\n<div class=\"mkdf-accordion-content\">\n\t<div class=\"mkdf-accordion-content-inner\">\n\t\t[vc_column_text]<\/p>\n<h5><span style=\"color: #ff99cc;\"><strong>Lunes y mi\u00e9rcoles de 20 a 21 hs<\/strong><\/span><\/h5>\n<p>[\/vc_column_text][vc_column_text]<\/p>\n<ul>\n<li>Se introduce al adulto, de forma paulatina y consciente al aprendizaje de la t\u00e9cnica cl\u00e1sica, mediante ejercicios claros y precisos que favorecen de forma armoniosa la estabilidad corporal, el manejo r\u00edtmico y el desarrollo de las aptitudes f\u00edsicas.<\/li>\n<\/ul>\n<p>[\/vc_column_text]\t<\/div>\n<\/div><h5 class=\"mkdf-accordion-title\">\n    <span class=\"mkdf-accordion-mark\">\n\t\t<span class=\"mkdf_icon_plus\"><\/span>\n\t\t<span class=\"mkdf_icon_minus\"><\/span>\n\t<\/span>\n\t<span class=\"mkdf-tab-title\">CL\u00c1SICO ADULTO INTERMEDIO - AVANZADO<\/span>\n<\/h5>\n<div class=\"mkdf-accordion-content\">\n\t<div class=\"mkdf-accordion-content-inner\">\n\t\t[vc_column_text]<\/p>\n<h5><span style=\"color: #ff99cc;\"><strong>Martes y jueves de\u00a019.30\u00a0a\u00a021\u00a0hs<\/strong><\/span><\/h5>\n<p>[\/vc_column_text][vc_column_text]<\/p>\n<ul>\n<li>Mediante clases de mayor nivel y rendimiento se busca que el alumno consolide confianza en su t\u00e9cnica cl\u00e1sica favoreciendo el manejo fluido de su cuerpo, potenciando sus aptitudes f\u00edsicas y desarrollando la conexi\u00f3n con el arte de la danza como instrumento primordial de aprendizaje.<\/li>\n<\/ul>\n<p>[\/vc_column_text]\t<\/div>\n<\/div><\/div>\t\t<\/div>\n\t<\/div>\n<\/div><\/div>[\/vc_column][\/vc_row][vc_row][vc_column]<div class=\"mkdf-section-title-holder   \" style=\"text-align: center\">\n\t<div class=\"mkdf-st-inner\">\n                                        \t<\/div>\n<\/div>[vc_row_inner][vc_column_inner][vc_images_carousel images=&#8221;9320,9321,9322,9323,9324,9325,9326&#8243; img_size=&#8221;full&#8221; speed=&#8221;2000&#8243; autoplay=&#8221;yes&#8221; css_animation=&#8221;fadeIn&#8221;][\/vc_column_inner][\/vc_row_inner][\/vc_column][\/vc_row]<\/p>\n","protected":false},"excerpt":{"rendered":"<p>[vc_row row_content_width=&#8221;grid&#8221; css=&#8221;.vc_custom_1548417222032{padding-top: 150px !important;padding-bottom: 150px !important;}&#8221;][vc_column][\/vc_column][\/vc_row][vc_row][vc_column][vc_row_inner][vc_column_inner][vc_images_carousel images=&#8221;9320,9321,9322,9323,9324,9325,9326&#8243; img_size=&#8221;full&#8221; speed=&#8221;2000&#8243; autoplay=&#8221;yes&#8221; css_animation=&#8221;fadeIn&#8221;][\/vc_column_inner][\/vc_row_inner][\/vc_column][\/vc_row]<\/p>\n","protected":false},"author":1,"featured_media":0,"parent":0,"menu_order":0,"comment_status":"closed","ping_status":"closed","template":"","meta":[],"_links":{"self":[{"href":"https:\/\/estudiosilviacaputo.com\/index.php\/wp-json\/wp\/v2\/pages\/9299"}],"collection":[{"href":"https:\/\/estudiosilviacaputo.com\/index.php\/wp-json\/wp\/v2\/pages"}],"about":[{"href":"https:\/\/estudiosilviacaputo.com\/index.php\/wp-json\/wp\/v2\/types\/page"}],"author":[{"embeddable":true,"href":"https:\/\/estudiosilviacaputo.com\/index.php\/wp-json\/wp\/v2\/users\/1"}],"replies":[{"embeddable":true,"href":"https:\/\/estudiosilviacaputo.com\/index.php\/wp-json\/wp\/v2\/comments?post=9299"}],"version-history":[{"count":27,"href":"https:\/\/estudiosilviacaputo.com\/index.php\/wp-json\/wp\/v2\/pages\/9299\/revisions"}],"predecessor-version":[{"id":9447,"href":"https:\/\/estudiosilviacaputo.com\/index.php\/wp-json\/wp\/v2\/pages\/9299\/revisions\/9447"}],"wp:attachment":[{"href":"https:\/\/estudiosilviacaputo.com\/index.php\/wp-json\/wp\/v2\/media?parent=9299"}],"curies":[{"name":"wp","href":"https:\/\/api.w.org\/{rel}","templated":true}]}}

<p>[vc_row row_content_width=&#8221;grid&#8221; css=&#8221;.vc_custom_1548417222032{padding-top: 150px !important;padding-bottom: 150px !important;}&#8221;][vc_column]<div class="mkdf-elements-holder   mkdf-two-columns  mkdf-responsive-mode-1024 " ><div class="mkdf-eh-item     "  data-item-class="mkdf-eh-custom-7700" data-768-1024="0 0 50px" data-680-768="0 0 50px" data-680="0 0 50px">
	<div class="mkdf-eh-item-inner">
		<div class="mkdf-eh-item-content mkdf-eh-custom-7700" style="padding: 0 15px 0 0">
			[vc_single_image image=&#8221;9315&#8243; img_size=&#8221;full&#8221;]		</div>
	</div>
</div><div class="mkdf-eh-item     "  data-item-class="mkdf-eh-custom-2851" data-768-1024="0 0 50px" data-680-768="0 0 50px" data-680="0 0 50px">
	<div class="mkdf-eh-item-inner">
		<div class="mkdf-eh-item-content mkdf-eh-custom-2851" style="padding: 0 0 0 15px">
			<div class="mkdf-accordion-holder mkdf-ac-default  mkdf-accordion mkdf-ac-boxed  clearfix">
	<h5 class="mkdf-accordion-title">
    <span class="mkdf-accordion-mark">
		<span class="mkdf_icon_plus"></span>
		<span class="mkdf_icon_minus"></span>
	</span>
	<span class="mkdf-tab-title">CLÁSICO INICIACIÓN (3 a 6 AÑOS)</span>
</h5>
<div class="mkdf-accordion-content">
	<div class="mkdf-accordion-content-inner">
		[vc_column_text]</p>
<h5><span style="color: #ff99cc;"><strong>Martes y jueves de 17.30 a 18.30 hs</strong></span></h5>
<p>[/vc_column_text][vc_column_text]</p>
<ul>
<li>Mediante actividades lúdicas se introduce paulatinamente a los alumnos en la técnica clásica priorizando la toma de consciencia del lenguaje corporal, la musicalidad, la sincronización y sociabilidad con sus pares.</li>
</ul>
<p>[/vc_column_text]	</div>
</div><h5 class="mkdf-accordion-title">
    <span class="mkdf-accordion-mark">
		<span class="mkdf_icon_plus"></span>
		<span class="mkdf_icon_minus"></span>
	</span>
	<span class="mkdf-tab-title">CLÁSICO INFANTIL (7 a 10 AÑOS)</span>
</h5>
<div class="mkdf-accordion-content">
	<div class="mkdf-accordion-content-inner">
		[vc_column_text]</p>
<h5><span style="color: #ff99cc;"><strong>Lunes y miércoles de 18 a 19</strong> <strong>hs</strong></span></h5>
<p>[/vc_column_text][vc_column_text]</p>
<ul>
<li>Se familiariza al alumno con ejercicios de técnica clásica utilizando las herramientas precisas para favorecer el correcto manejo del cuerpo y la música fomentando el contacto con sus pares y el maestro.</li>
</ul>
<p>[/vc_column_text]	</div>
</div><h5 class="mkdf-accordion-title">
    <span class="mkdf-accordion-mark">
		<span class="mkdf_icon_plus"></span>
		<span class="mkdf_icon_minus"></span>
	</span>
	<span class="mkdf-tab-title">CLÁSICO PREADOLESCENTE INICIACIÓN - INTERMEDIO</span>
</h5>
<div class="mkdf-accordion-content">
	<div class="mkdf-accordion-content-inner">
		[vc_column_text]</p>
<h5><span style="color: #ff99cc;"><strong>Martes y jueves de 18.30 a 19.30 hs</strong></span></h5>
<p>[/vc_column_text][vc_column_text]</p>
<ul>
<li>Los alumnos comienzan a relacionarse con la técnica clásica fomentando la disciplina y la responsabilidad y abordando el aprendizaje mediante ejercicios específicos donde se consolida la musicalidad y la memorización como instrumento primordial.</li>
</ul>
<p>[/vc_column_text]	</div>
</div><h5 class="mkdf-accordion-title">
    <span class="mkdf-accordion-mark">
		<span class="mkdf_icon_plus"></span>
		<span class="mkdf_icon_minus"></span>
	</span>
	<span class="mkdf-tab-title">CLÁSICO ADOLESCENTE INTERMEDIO</span>
</h5>
<div class="mkdf-accordion-content">
	<div class="mkdf-accordion-content-inner">
		[vc_column_text]</p>
<h5><span style="color: #ff99cc;"><strong>Lunes y miércoles de 19 a 20 hs</strong></span></h5>
<p>[/vc_column_text][vc_column_text]</p>
<ul>
<li>Se inicia una labor consciente con ejercicios de mayor complejidad de técnica clásica para adquirir fortaleza corporal y continuar con la integración de nuevos conocimientos.</li>
</ul>
<p>[/vc_column_text]	</div>
</div><h5 class="mkdf-accordion-title">
    <span class="mkdf-accordion-mark">
		<span class="mkdf_icon_plus"></span>
		<span class="mkdf_icon_minus"></span>
	</span>
	<span class="mkdf-tab-title">CLÁSICO ADULTO INICIACIÓN - INTERMEDIO</span>
</h5>
<div class="mkdf-accordion-content">
	<div class="mkdf-accordion-content-inner">
		[vc_column_text]</p>
<h5><span style="color: #ff99cc;"><strong>Lunes y miércoles de 20 a 21 hs</strong></span></h5>
<p>[/vc_column_text][vc_column_text]</p>
<ul>
<li>Se introduce al adulto, de forma paulatina y consciente al aprendizaje de la técnica clásica, mediante ejercicios claros y precisos que favorecen de forma armoniosa la estabilidad corporal, el manejo rítmico y el desarrollo de las aptitudes físicas.</li>
</ul>
<p>[/vc_column_text]	</div>
</div><h5 class="mkdf-accordion-title">
    <span class="mkdf-accordion-mark">
		<span class="mkdf_icon_plus"></span>
		<span class="mkdf_icon_minus"></span>
	</span>
	<span class="mkdf-tab-title">CLÁSICO ADULTO INTERMEDIO - AVANZADO</span>
</h5>
<div class="mkdf-accordion-content">
	<div class="mkdf-accordion-content-inner">
		[vc_column_text]</p>
<h5><span style="color: #ff99cc;"><strong>Martes y jueves de 19.30 a 21 hs</strong></span></h5>
<p>[/vc_column_text][vc_column_text]</p>
<ul>
<li>Mediante clases de mayor nivel y rendimiento se busca que el alumno consolide confianza en su técnica clásica favoreciendo el manejo fluido de su cuerpo, potenciando sus aptitudes físicas y desarrollando la conexión con el arte de la danza como instrumento primordial de aprendizaje.</li>
</ul>
<p>[/vc_column_text]	</div>
</div></div>		</div>
	</div>
</div></div>[/vc_column][/vc_row][vc_row][vc_column]<div class="mkdf-section-title-holder   " style="text-align: center">
	<div class="mkdf-st-inner">
                                        	</div>
</div>[vc_row_inner][vc_column_inner][vc_images_carousel images=&#8221;9320,9321,9322,9323,9324,9325,9326&#8243; img_size=&#8221;full&#8221; speed=&#8221;2000&#8243; autoplay=&#8221;yes&#8221; css_animation=&#8221;fadeIn&#8221;][/vc_column_inner][/vc_row_inner][/vc_column][/vc_row]</p>
