{"id":6080,"date":"2018-12-28T09:36:26","date_gmt":"2018-12-28T09:36:26","guid":{"rendered":"https:\/\/arabesque.mikado-themes.com\/?page_id=6080"},"modified":"2018-12-28T09:36:26","modified_gmt":"2018-12-28T09:36:26","slug":"get-in-touch","status":"publish","type":"page","link":"https:\/\/estudiosilviacaputo.com\/index.php\/get-in-touch\/","title":{"rendered":"Get In Touch"},"content":{"rendered":"<p>\t\t\t\t[vc_row][vc_column]<div class=\"mkdf-google-map-holder\">\n\t<div class=\"mkdf-google-map\" id=\"mkdf-map-2417866\" data-addresses='[\"Park Avenue, New York, NY, USA\"]' data-custom-map-style=no data-color-overlay=#393939 data-saturation=-100 data-lightness=-60 data-zoom=14 data-pin=https:\/\/estudiosilviacaputo.com\/wp-content\/uploads\/2018\/12\/pin-img.png data-unique-id=2417866 data-scroll-wheel=no data-height=570px data-snazzy-map-style=yes><\/div>\n\t\t\t<input type=\"hidden\" class=\"mkdf-snazzy-map\" value=\"`{`\n{\n``featureType``: ``water``,\n``elementType``: ``geometry``,\n``stylers``: `{`\n{\n``color``: ``#e9e9e9``\n},\n{\n``lightness``: 17\n}\n`}`\n},\n{\n``featureType``: ``landscape``,\n``elementType``: ``geometry``,\n``stylers``: `{`\n{\n``color``: ``#f5f5f5``\n},\n{\n``lightness``: 20\n}\n`}`\n},\n{\n``featureType``: ``road.highway``,\n``elementType``: ``geometry.fill``,\n``stylers``: `{`\n{\n``color``: ``#ffffff``\n},\n{\n``lightness``: 17\n}\n`}`\n},\n{\n``featureType``: ``road.highway``,\n``elementType``: ``geometry.stroke``,\n``stylers``: `{`\n{\n``color``: ``#ffffff``\n},\n{\n``lightness``: 29\n},\n{\n``weight``: 0.2\n}\n`}`\n},\n{\n``featureType``: ``road.arterial``,\n``elementType``: ``geometry``,\n``stylers``: `{`\n{\n``color``: ``#ffffff``\n},\n{\n``lightness``: 18\n}\n`}`\n},\n{\n``featureType``: ``road.local``,\n``elementType``: ``geometry``,\n``stylers``: `{`\n{\n``color``: ``#ffffff``\n},\n{\n``lightness``: 16\n}\n`}`\n},\n{\n``featureType``: ``poi``,\n``elementType``: ``geometry``,\n``stylers``: `{`\n{\n``color``: ``#f5f5f5``\n},\n{\n``lightness``: 21\n}\n`}`\n},\n{\n``featureType``: ``poi.park``,\n``elementType``: ``geometry``,\n``stylers``: `{`\n{\n``color``: ``#dedede``\n},\n{\n``lightness``: 21\n}\n`}`\n},\n{\n``elementType``: ``labels.text.stroke``,\n``stylers``: `{`\n{\n``visibility``: ``on``\n},\n{\n``color``: ``#ffffff``\n},\n{\n``lightness``: 16\n}\n`}`\n},\n{\n``elementType``: ``labels.text.fill``,\n``stylers``: `{`\n{\n``saturation``: 36\n},\n{\n``color``: ``#333333``\n},\n{\n``lightness``: 40\n}\n`}`\n},\n{\n``elementType``: ``labels.icon``,\n``stylers``: `{`\n{\n``visibility``: ``off``\n}\n`}`\n},\n{\n``featureType``: ``transit``,\n``elementType``: ``geometry``,\n``stylers``: `{`\n{\n``color``: ``#f2f2f2``\n},\n{\n``lightness``: 19\n}\n`}`\n},\n{\n``featureType``: ``administrative``,\n``elementType``: ``geometry.fill``,\n``stylers``: `{`\n{\n``color``: ``#fefefe``\n},\n{\n``lightness``: 20\n}\n`}`\n},\n{\n``featureType``: ``administrative``,\n``elementType``: ``geometry.stroke``,\n``stylers``: `{`\n{\n``color``: ``#fefefe``\n},\n{\n``lightness``: 17\n},\n{\n``weight``: 1.2\n}\n`}`\n}\n`}`\" \/>\n\t\t\t\t<div class=\"mkdf-google-map-overlay\"><\/div>\n\t<\/div>\n[\/vc_column][\/vc_row][vc_row row_content_width=&#8221;grid&#8221; css=&#8221;.vc_custom_1547636442054{padding-top: 150px !important;}&#8221;][vc_column offset=&#8221;vc_col-lg-offset-1 vc_col-lg-5 vc_col-md-12&#8243; css=&#8221;.vc_custom_1547028423929{margin-top: -1px !important;}&#8221;][vc_single_image image=&#8221;7060&#8243; img_size=&#8221;full&#8221;][vc_empty_space height=&#8221;48px&#8221;][\/vc_column][vc_column offset=&#8221;vc_col-lg-5 vc_col-md-12&#8243;]\n<div class=\"wpcf7 no-js\" id=\"wpcf7-f179-o1\" lang=\"en-US\" dir=\"ltr\">\n<div class=\"screen-reader-response\"><p role=\"status\" aria-live=\"polite\" aria-atomic=\"true\"><\/p> <ul><\/ul><\/div>\n<form action=\"\/index.php\/wp-json\/wp\/v2\/pages\/6080#wpcf7-f179-o1\" method=\"post\" class=\"wpcf7-form init cf7_custom_style_1\" aria-label=\"Contact form\" novalidate=\"novalidate\" data-status=\"init\">\n<div style=\"display: none;\">\n<input type=\"hidden\" name=\"_wpcf7\" value=\"179\" \/>\n<input type=\"hidden\" name=\"_wpcf7_version\" value=\"5.7.5.1\" \/>\n<input type=\"hidden\" name=\"_wpcf7_locale\" value=\"en_US\" \/>\n<input type=\"hidden\" name=\"_wpcf7_unit_tag\" value=\"wpcf7-f179-o1\" \/>\n<input type=\"hidden\" name=\"_wpcf7_container_post\" value=\"0\" \/>\n<input type=\"hidden\" name=\"_wpcf7_posted_data_hash\" value=\"\" \/>\n<input type=\"hidden\" name=\"_wpcf7_recaptcha_response\" value=\"\" \/>\n<\/div>\n<div class=\"arabesque-get-in-touch-form\">\n\t<div>\n\t\t<div class=\"edgtf-grid-row edgtf-grid-small-gutter\">\n\t\t\t<div class=\"edgtf-grid-col-6\">\n\t\t\t\t<p><span class=\"wpcf7-form-control-wrap\" data-name=\"yourname\"><input size=\"40\" class=\"wpcf7-form-control wpcf7-text wpcf7-validates-as-required\" aria-required=\"true\" aria-invalid=\"false\" placeholder=\"Nombre\" value=\"\" type=\"text\" name=\"yourname\" \/><\/span>\n\t\t\t\t<\/p>\n\t\t\t<\/div>\n\t\t\t<div class=\"edgtf-grid-col-6\">\n\t\t\t\t<p><span class=\"wpcf7-form-control-wrap\" data-name=\"subject\"><input size=\"40\" class=\"wpcf7-form-control wpcf7-text wpcf7-validates-as-required\" aria-required=\"true\" aria-invalid=\"false\" placeholder=\"Correo\" value=\"\" type=\"text\" name=\"subject\" \/><\/span>\n\t\t\t\t<\/p>\n\t\t\t<\/div>\n\t\t\t<div>\n\t\t\t\t<p><span class=\"wpcf7-form-control-wrap\" data-name=\"menu-682\"><select class=\"wpcf7-form-control wpcf7-select wpcf7-validates-as-required\" id=\"menu-682\" aria-required=\"true\" aria-invalid=\"false\" name=\"menu-682\"><option value=\"-SELECCIONA TU CURSO-\">-SELECCIONA TU CURSO-<\/option><option value=\"Cl\u00e1sico Iniciaci\u00f3n (3-6 A\u00f1os)\">Cl\u00e1sico Iniciaci\u00f3n (3-6 A\u00f1os)<\/option><option value=\"Cl\u00e1sico Infantil (7-10 A\u00f1os)\">Cl\u00e1sico Infantil (7-10 A\u00f1os)<\/option><option value=\"Cl\u00e1sico Preadolescente Iniciaci\u00f3n Intermedio\">Cl\u00e1sico Preadolescente Iniciaci\u00f3n Intermedio<\/option><option value=\"Cl\u00e1sico Adolescente Intermedio\">Cl\u00e1sico Adolescente Intermedio<\/option><option value=\"Cl\u00e1sico Adulto Iniciaci\u00f3n Intermedio\">Cl\u00e1sico Adulto Iniciaci\u00f3n Intermedio<\/option><option value=\"Cl\u00e1sico Adulto Intermedio Avanzado\">Cl\u00e1sico Adulto Intermedio Avanzado<\/option><\/select><\/span>\n\t\t\t\t<\/p>\n\t\t\t<\/div>\n\t\t<\/div>\n\t<\/div>\n\t<div>\n\t\t<div>\n\t\t\t<p><span class=\"wpcf7-form-control-wrap\" data-name=\"textarea\"><textarea cols=\"40\" rows=\"10\" class=\"wpcf7-form-control wpcf7-textarea\" aria-invalid=\"false\" placeholder=\"Mensaje\" name=\"textarea\"><\/textarea><\/span>\n\t\t\t<\/p>\n\t\t<\/div>\n\t\t<p><button class=\"wpcf7-form-control wpcf7-submit mkdf-btn mkdf-btn-medium mkdf-btn-solid\" type=\"submit\"><span class=\"mkdf-btn-text\">Enviar<\/span><\/button>\n\t\t<\/p>\n\t<\/div>\n<\/div><div class=\"wpcf7-response-output\" aria-hidden=\"true\"><\/div>\n<\/form>\n<\/div>\n[vc_empty_space height=&#8221;48px&#8221;][\/vc_column][\/vc_row][vc_row row_content_width=&#8221;grid&#8221; content_text_aligment=&#8221;center&#8221; css=&#8221;.vc_custom_1546510881295{padding-bottom: 141px !important;}&#8221;][vc_column][vc_column_text]<\/p>\n<p style=\"line-height: 29px;\"><a style=\"color: #6c6c6c;\" href=\"https:\/\/www.google.rs\/maps\/search\/198+West+21th+Street\/@40.7425993,-73.9965267,18.75z?hl=en\" target=\"_blank\" rel=\"noopener\">198 West 21th Street, Suite 721, NY<\/a><br \/>\nPhone: <a style=\"color: #6c6c6c;\" href=\"tel:8801010000100\">+88 (0) 101 0000 100<\/a><br \/>\nEmail: <a style=\"color: #6c6c6c;\" href=\"mailto:arabesque@mikado-themes.com\">arabesque@mikado-themes.com<\/a><\/p>\n<p>[\/vc_column_text][\/vc_column][\/vc_row]\t\t<\/p>\n","protected":false},"excerpt":{"rendered":"<p>[vc_row][vc_column][\/vc_column][\/vc_row][vc_row row_content_width=&#8221;grid&#8221; css=&#8221;.vc_custom_1547636442054{padding-top: 150px !important;}&#8221;][vc_column offset=&#8221;vc_col-lg-offset-1 vc_col-lg-5 vc_col-md-12&#8243; css=&#8221;.vc_custom_1547028423929{margin-top: -1px !important;}&#8221;][vc_single_image image=&#8221;7060&#8243; img_size=&#8221;full&#8221;][vc_empty_space height=&#8221;48px&#8221;][\/vc_column][vc_column offset=&#8221;vc_col-lg-5 vc_col-md-12&#8243;][vc_empty_space height=&#8221;48px&#8221;][\/vc_column][\/vc_row][vc_row row_content_width=&#8221;grid&#8221; content_text_aligment=&#8221;center&#8221; css=&#8221;.vc_custom_1546510881295{padding-bottom: 141px !important;}&#8221;][vc_column][vc_column_text] 198 West 21th Street, Suite 721, NY Phone: +88 (0) 101 0000 100 Email: arabesque@mikado-themes.com [\/vc_column_text][\/vc_column][\/vc_row]<\/p>\n","protected":false},"author":1,"featured_media":0,"parent":0,"menu_order":0,"comment_status":"closed","ping_status":"closed","template":"full-width.php","meta":[],"_links":{"self":[{"href":"https:\/\/estudiosilviacaputo.com\/index.php\/wp-json\/wp\/v2\/pages\/6080"}],"collection":[{"href":"https:\/\/estudiosilviacaputo.com\/index.php\/wp-json\/wp\/v2\/pages"}],"about":[{"href":"https:\/\/estudiosilviacaputo.com\/index.php\/wp-json\/wp\/v2\/types\/page"}],"author":[{"embeddable":true,"href":"https:\/\/estudiosilviacaputo.com\/index.php\/wp-json\/wp\/v2\/users\/1"}],"replies":[{"embeddable":true,"href":"https:\/\/estudiosilviacaputo.com\/index.php\/wp-json\/wp\/v2\/comments?post=6080"}],"version-history":[{"count":0,"href":"https:\/\/estudiosilviacaputo.com\/index.php\/wp-json\/wp\/v2\/pages\/6080\/revisions"}],"wp:attachment":[{"href":"https:\/\/estudiosilviacaputo.com\/index.php\/wp-json\/wp\/v2\/media?parent=6080"}],"curies":[{"name":"wp","href":"https:\/\/api.w.org\/{rel}","templated":true}]}}